r when 685567 is divided by 34272.
127
Calculate the remainder when 36049354 is divided by 1335161.
7
Calculate the remainder when 856969 is divided by 51.
16
What is the remainder when 5084834 is divided by 1694925?
59
What is the remainder when 123055 is divided by 7236?
43
What is the remainder when 8620 is divided by 2869?
13
What is the remainder when 39721744 is divided by 4965218?
0
What is the remainder when 7877843 is divided by 5552?
5107
What is the remainder when 544895 is divided by 2534?
85
Calculate the remainder when 3056730 is divided by 36388.
138
What is the remainder when 13228319 is divided by 465?
464
What is the remainder when 1269347 is divided by 634596?
155
Calculate the remainder when 26267751 is divided by 127.
87
What is the remainder when 86631 is divided by 43184?
263
What is the remainder when 7036144 is divided by 235?
9
What is the remainder when 4108774 is divided by 6871?
6787
What is the remainder when 376773 is divided by 119?
19
What is the remainder when 876821 is divided by 983?
968
What is the remainder when 85167555 is divided by 21291882?
27
Calculate the remainder when 65925464 is divided by 5604.
8
Calculate the remainder when 420756 is divided by 1839.
1464
Calculate the remainder when 22118380 is divided by 16988.
4
Calculate the remainder when 41408931 is divided by 1531.
1505
Calculate the remainder when 775361 is divided by 391.
8
What is the remainder when 2172699 is divided by 37?
22
What is the remainder when 8281902 is divided by 3103?
3098
Calculate the remainder when 210186922 is divided by 377.
374
What is the remainder when 10732319 is divided by 257?
256
What is the remainder when 816775 is divided by 13841?
156
What is the remainder when 16001802 is divided by 9?
0
What is the remainder when 2288297 is divided by 49?
46
Calculate the remainder when 13377558 is divided by 50.
8
What is the remainder when 342799 is divided by 985?
19
What is the remainder when 157468 is divided by 412?
84
What is the remainder when 339216 is divided by 84249?
2220
Calculate the remainder when 892955 is divided by 7192.
1147
What is the remainder when 27317608 is divided by 27317605?
3
Calculate the remainder when 6909131 is divided by 588.
131
What is the remainder when 140836234 is divided by 140836229?
5
What is the remainder when 234765 is divided by 122?
37
Calculate the remainder when 61252587 is divided by 2107.
2097
What is the remainder when 584311 is divided by 6301?
4619
Calculate the remainder when 9399893 is divided by 159320.
13
Calculate the remainder when 84977 is divided by 41133.
2711
What is the remainder when 1138173 is divided by 104?
101
What is the remainder when 995543 is divided by 364?
3
What is the remainder when 1187037787 is divided by 97?
93
What is the remainder when 2037400 is divided by 2957?
27
What is the remainder when 5215846 is divided by 149024?
6
What is the remainder when 57400398 is divided by 1814?
1810
Calculate the remainder when 4778463 is divided by 2447.
1919
What is the remainder when 724191 is divided by 6169?
2418
Calculate the remainder when 45279482 is divided by 3483037.
1
Calculate the remainder when 23356104 is divided by 3892681.
18
What is the remainder when 4635809 is divided by 14624?
1
Calculate the remainder when 5979064 is divided by 1396.
1392
Calculate the remainder when 555565 is divided by 776.
725
Calculate the remainder when 1642800 is divided by 2173.
12
What is the remainder when 214616 is divided by 1124?
1056
Calculate the remainder when 1439015 is divided by 4718.
25
Calculate the remainder when 2690674 is divided by 8330.
84
Calculate the remainder when 728143 is divided by 120.
103
Calculate the remainder when 107928 is divided by 27.
9
Calculate the remainder when 1446575727 is divided by 1642.
1641
What is the remainder when 19456417 is divided by 88038?
19
What is the remainder when 29332510 is divided by 1692?
1690
Calculate the remainder when 3864340 is divided by 161012.
52
Calculate the remainder when 311412491 is divided by 3636.
3635
Calculate the remainder when 16875782 is divided by 2762.
2724
Calculate the remainder when 62467 is divided by 31231.
5
What is the remainder when 277364 is divided by 30812?
56
Calculate the remainder when 326259 is divided by 6538.
5897
What is the remainder when 4384410 is divided by 487156?
6
Calculate the remainder when 3573233 is divided by 95.
93
What is the remainder when 2404615 is divided by 67?
52
Calculate the remainder when 29350442 is divided by 2123.
2090
Calculate the remainder when 12461 is divided by 7972.
4489
Calculate the remainder when 10312867 is divided by 4265.
97
Calculate the remainder when 89567267 is divided by 2838.
2825
What is the remainder when 175574 is divided by 288?
182
Calculate the remainder when 78412877 is divided by 1706.
1705
Calculate the remainder when 15271820 is divided by 1169.
4
Calculate the remainder when 738469 is divided by 964.
45
What is the remainder when 1118750 is divided by 101667?
413
What is the remainder when 294533 is divided by 4160?
3333
Calculate the remainder when 404130 is divided by 300.
30
What is the remainder when 1740418 is divided by 260?
238
Calculate the remainder when 1010725 is divided by 45942.
1
What is the remainder when 204257 is divided by 2086?
1915
Calculate the remainder when 2363569 is divided by 46.
43
Calculate the remainder when 929599 is divided by 141.
127
What is the remainder when 1290798 is divided by 1385?
1363
Calculate the remainder when 1666976 is divided by 923.
38
What is the remainder when 3200571 is divided by 437?
420
Calculate the remainder when 245864902 is divided by 9.
4
What is the remainder when 2047385 is divided by 5833?
2
Calculate the remainder when 24544827 is divided by 139.
68
What is the remainder when 72344 is divided by 2126?
60
Calculate the remainder when 118950380 is divided by 124.
32
What is the remainder when 7098043 is divided by 36?
31
Calculate the remainder when 623026864 is divided by 3234.
3232
Calculate the remainder when 154696164 is divided by 256.
228
What is the remainder when 277351 is divided by 2357?
1582
Calculate the remainder when 8202423 is divided by 35.
33
What is the remainder when 258628 is divided by 43096?
52
What is the remainder when 16265559 is divided by 8132766?
27
Calculate the remainder when 576612 is divided by 396.
36
Calculate the remainder when 174017979 is divided by 119.
114
What is the remainder when 781431 is divided by 390681?
69
What is the remainder when 11092597 is divided by 4437?
97
Calculate the remainder when 561970 is divided by 268.
242
Calculate the remainder when 21714 is divided by 21427.
287
What is the remainder when 349870 is divided by 2071?
1942
Calculate the remainder when 72707 is divided by 534.
83
Calculate the remainder when 9307479 is divided by 1781.
1754
What is the remainder when 299112 is divided by 1496?
1408
Calculate the remainder when 47324 is divided by 1809.
290
What is the remainder when 179000 is divided by 5?
0
What is the remainder when 2929448 is divided by 139?
23
What is the remainder when 109980 is divided by 15109?
4217
What is the remainder when 8103918 is divided by 2671?
104
Calculate the remainder when 31262 is divided by 18757.
12505
Calculate the remainder when 366038 is divided by 18271.
618
What is the remainder when 30012623 is divided by 666?
665
What is the remainder when 29553 is divided by 359?
115
Calculate the remainder when 13941213 is divided by 32.
29
What is the remainder when 6647992 is divided by 949696?
120
What is the remainder when 1291630 is divided by 227?
0
Calculate the remainder when 344595 is divided by 4532.
163
What is the remainder when 16812 is divided by 3975?
912
Calculate the remainder when 1008066 is divided by 41.
40
What is the remainder when 5114069 is divided by 51?
44
Calculate the remainder when 115427049 is divided by 2150.
2149
What is the remainder when 197769 is divided by 26761?
10442
What is the remainder when 17922103 is divided by 1816?
1815
What is the remainder when 30678 is divided by 5819?
1583
Calculate the remainder when 959880 is divided by 136.
128
Calculate the remainder when 34428479 is divided by 19.
4
Calculate the re